What are the prime factors of 58946?
2, 29473
List the prime factors of 663805.
5, 132761
List the prime factors of 878750.
2, 5, 19, 37
What are the prime factors of 1302656?
2, 10177
List the prime factors of 211720.
2, 5, 67, 79
List the prime factors of 4759927.
4759927
List the prime factors of 876098.
2, 438049
What are the prime factors of 12819915?
3, 5, 347, 821
What are the prime factors of 464069?
464069
List the prime factors of 3214853.
17, 29, 6521
List the prime factors of 715541.
103, 6947
What are the prime factors of 279310?
2, 5, 17, 31, 53
What are the prime factors of 1879066?
2, 7, 134219
What are the prime factors of 26783?
26783
List the prime factors of 805715.
5, 17, 9479
List the prime factors of 1027563.
3, 342521
List the prime factors of 64941.
3, 21647
List the prime factors of 251961.
3, 83987
List the prime factors of 6950923.
7, 29, 97, 353
List the prime factors of 9979001.
719, 13879
What are the prime factors of 5583353?
5583353
What are the prime factors of 8174775?
3, 5, 7, 23, 677
What are the prime factors of 276476?
2, 69119
List the prime factors of 6195316.
2, 733, 2113
What are the prime factors of 1348079?
211, 6389
What are the prime factors of 234753?
3, 17, 4603
What are the prime factors of 1192969?
1192969
What are the prime factors of 1487416?
2, 7, 26561
What are the prime factors of 6632470?
2, 5, 13, 163, 313
What are the prime factors of 1170094?
2, 449, 1303
List the prime factors of 3173378.
2, 13, 122053
What are the prime factors of 1516909?
1516909
List the prime factors of 948172.
2, 237043
What are the prime factors of 5721534?
2, 3, 7, 13, 499
List the prime factors of 1633474.
2, 59, 109, 127
What are the prime factors of 237704?
2, 43, 691
What are the prime factors of 109903?
109903
What are the prime factors of 3341251?
3341251
What are the prime factors of 9078372?
2, 3, 84059
What are the prime factors of 25795973?
7, 547, 6737
What are the prime factors of 1135553?
29, 39157
What are the prime factors of 1420388?
2, 23, 15439
List the prime factors of 1920611.
7, 11, 24943
What are the prime factors of 14809824?
2, 3, 61, 281
List the prime factors of 12518949.
3, 587, 7109
List the prime factors of 1003553.
83, 107, 113
List the prime factors of 241150.
2, 5, 7, 13, 53
List the prime factors of 27175.
5, 1087
List the prime factors of 789968.
2, 97, 509
List the prime factors of 1658518.
2, 67, 12377
List the prime factors of 3402983.
631, 5393
What are the prime factors of 214757?
19, 89, 127
List the prime factors of 1890113.
1890113
What are the prime factors of 78844?
2, 23, 857
List the prime factors of 343348.
2, 85837
List the prime factors of 1396956.
2, 3, 11, 19, 557
List the prime factors of 490962.
2, 3, 47, 1741
What are the prime factors of 1021926?
2, 3, 181, 941
List the prime factors of 397966.
2, 193, 1031
What are the prime factors of 450054?
2, 3, 11, 2273
What are the prime factors of 2476048?
2, 154753
What are the prime factors of 68123?
11, 563
List the prime factors of 755216.
2, 7, 11, 613
What are the prime factors of 373753?
373753
List the prime factors of 4182532.
2, 1045633
What are the prime factors of 33063624?
2, 3, 11, 109, 383
What are the prime factors of 345192?
2, 3, 19, 757
List the prime factors of 24123333.
3, 13, 618547
What are the prime factors of 2128315?
5, 7, 17, 73
List the prime factors of 154811.
149, 1039
List the prime factors of 19349677.
757, 25561
List the prime factors of 1402556.
2, 29, 107, 113
List the prime factors of 899254.
2, 23, 113, 173
What are the prime factors of 45400?
2, 5, 227
List the prime factors of 5814496.
2, 109, 1667
What are the prime factors of 125905?
5, 13, 149
What are the prime factors of 7184499?
3, 7, 97, 3527
What are the prime factors of 1060961?
11, 96451
What are the prime factors of 10872586?
2, 5436293
List the prime factors of 175499.
175499
List the prime factors of 3651625.
5, 131, 223
What are the prime factors of 5043934?
2, 7, 17, 21193
List the prime factors of 285625.
5, 457
List the prime factors of 24257402.
2, 13, 17, 54881
What are the prime factors of 2493575?
5, 7, 14249
List the prime factors of 10234721.
7, 71, 20593
What are the prime factors of 132776?
2, 7, 2371
What are the prime factors of 71344?
2, 7, 13
List the prime factors of 13050201.
3, 4350067
What are the prime factors of 449050?
2, 5, 7, 1283
What are the prime factors of 2433787?
103, 23629
List the prime factors of 196549.
196549
What are the prime factors of 912240?
2, 3, 5, 7, 181
What are the prime factors of 1128791?
347, 3253
List the prime factors of 1376496.
2, 3, 11, 79
What are the prime factors of 5600263?
1201, 4663
List the prime factors of 920890.
2, 5, 17, 5417
List the prime factors of 8774606.
2, 61, 71, 1013
What are the prime factors of 262359?
3, 41, 79
List the prime factors of 118251.
3, 7, 1877
List the prime factors of 4031506.
2, 2015753
List the prime factors of 3280349.
1447, 2267
List the prime factors of 826302.
2, 3, 17, 8101
List the prime factors of 1496258.
2, 149, 5021
List the prime factors of 882628.
2, 263, 839
What are the prime factors of 3214214?
2, 1607107
What are the prime factors of 2068134?
2, 3, 31, 11119
What are the prime factors of 71966?
2, 35983
What are the prime factors of 2891651?
7, 413093
List the prime factors of 1332958.
2, 11, 60589
List the prime factors of 337361.
337361
List the prime factors of 3363780.
2, 3, 5, 7, 8009
List the prime factors of 929045.
5, 13, 14293
What are the prime factors of 246933?
3, 27437
List the prime factors of 130227.
3, 83, 523
List the prime factors of 305501.
7, 19, 2297
List the prime factors of 2081722.
2, 1040861
What are the prime factors of 6700879?
6700879
List the prime factors of 22499538.
2, 3, 67, 97, 577
List the prime factors of 136415.
5, 27283
What are the prime factors of 21122932?
2, 5280733
What are the prime factors of 655282?
2, 17, 19273
What are the prime factors of 1032577?
7, 13, 1621
List the prime factors of 71272.
2, 59, 151
List the prime factors of 368323.
368323
List the prime factors of 243061.
7, 13, 2671
What are the prime factors of 23920341?
3, 43, 185429
List the prime factors of 17030476.
2, 1669, 2551
List the prime factors of 8817794.
2, 61, 72277
List the prime factors of 44274.
2, 3, 47, 157
What are the prime factors of 26189?
26189
What are the prime factors of 4598016?
2, 3, 5987
What are the prime factors of 59180?
2, 5, 11, 269
List the prime factors of 231913.
11, 29, 727
What are the prime factors of 86457?
3, 7, 23, 179
What are the prime factors of 684423?
3, 25349
List the prime factors of 32418821.
67, 483863
List the prime factors of 1362945.
3, 5, 90863
List the prime factors of 352775.
5, 103, 137
What are the prime factors of 16681417?
23, 827, 877
What are the prime factors of 3483840?
2, 3, 5, 19, 191
List the prime factors of 9426566.
2, 29, 162527
What are the prime factors of 61321?
13, 53, 89
List the prime factors of 4081877.
37, 110321
What are the prime factors of 3409468?
2, 852367
What are the prime factors of 816152?
2, 102019
List the prime factors of 3402656.
2, 113, 941
List the prime factors of 770067.
3, 3169
What are the prime factors of 333781?
7, 41, 1163
What are the prime factors of 7685300?
2, 5, 7, 10979
What are the prime factors of 130573?
37, 3529
List the prime factors of 36661468.
2, 31, 173, 1709
List the prime factors of 1579719.
3, 526573
What are the prime factors of 563736?
2, 3, 83, 283
What are the prime factors of 2263447?
2263447
What are the prime factors of 2387336?
2, 7, 89, 479
List the prime factors of 707097.
3, 235699
List the prime factors of 8909867.
8909867
What are the prime factors of 424478?
2, 212239
List the prime factors of 48946.
2, 24473
What are the prime factors of 17957441?
89, 201769
What are the prime factors of 262784?
2, 2053
What are the prime factors of 651776?
2, 19, 67
List the prime factors of 274004.
2, 68501
What are the prime factors of 783586?
2, 37, 10589
What are the prime factors of 64669?
11, 5879
What are the prime factors of 466759?
137, 3407
What are the prime factors of 4258124?
2, 13, 6299
What are the prime factors of 1983353?
19, 47, 2221
List the prime factors of 163